st common factor of 891562 and 101738.
602
What is the highest common factor of 1651 and 2240849?
13
What is the greatest common divisor of 632 and 12422197?
79
Calculate the highest common factor of 3732 and 27055134.
1866
Calculate the greatest common divisor of 17136 and 1264732.
476
What is the greatest common factor of 1872 and 42713280?
144
Calculate the highest common factor of 2921240 and 60.
20
What is the greatest common factor of 1206 and 1122840?
18
Calculate the greatest common factor of 559 and 2804331.
43
What is the highest common factor of 75856001 and 1495?
299
Calculate the highest common divisor of 39574 and 321223.
421
What is the greatest common factor of 91 and 1363174358?
91
What is the greatest common factor of 445065 and 33045?
15
What is the highest common divisor of 6527 and 149389?
61
What is the greatest common divisor of 2647815 and 45?
15
What is the greatest common factor of 8 and 25018328?
8
Calculate the highest common divisor of 593160 and 235560.
120
What is the greatest common divisor of 662074014 and 42?
42
Calculate the greatest common divisor of 11 and 38440160.
11
What is the highest common divisor of 39876768 and 24?
24
Calculate the highest common factor of 34800 and 5796723.
87
Calculate the highest common factor of 4928 and 326718.
14
Calculate the greatest common divisor of 334602 and 2569284.
522
What is the greatest common divisor of 10775146 and 29248?
914
Calculate the highest common factor of 515 and 28971325.
515
Calculate the greatest common factor of 9479241 and 1.
1
What is the highest common factor of 5607569 and 15334?
187
What is the greatest common factor of 825 and 26713605?
15
What is the greatest common divisor of 202920602 and 340?
34
What is the highest common divisor of 6 and 564681417?
3
What is the greatest common factor of 1832670 and 970?
10
Calculate the greatest common divisor of 57 and 16062999.
57
Calculate the highest common factor of 40 and 37472780.
20
Calculate the highest common divisor of 48 and 445519680.
48
Calculate the greatest common divisor of 644 and 35201362.
322
Calculate the greatest common factor of 7619 and 1256333.
401
What is the highest common factor of 24745 and 2130191?
707
Calculate the greatest common divisor of 343 and 25705792.
343
Calculate the greatest common divisor of 420 and 18268005.
105
What is the highest common divisor of 46 and 1731258139?
23
What is the highest common divisor of 23730 and 225896040?
3390
What is the highest common factor of 977271897 and 798?
399
Calculate the greatest common divisor of 23 and 326259.
1
Calculate the highest common factor of 6383440 and 1540.
140
Calculate the highest common factor of 23273171 and 346.
173
Calculate the greatest common divisor of 238 and 957642.
14
What is the highest common divisor of 1137857336 and 3892?
3892
What is the greatest common divisor of 1859 and 3046693?
13
Calculate the greatest common divisor of 73 and 4360094287.
73
Calculate the greatest common divisor of 522 and 1626552.
522
Calculate the greatest common factor of 415335 and 120.
15
Calculate the greatest common factor of 1369 and 120566461.
1369
What is the highest common divisor of 526 and 7676444?
526
Calculate the highest common factor of 287632 and 2704.
16
What is the highest common divisor of 4290 and 133914?
66
What is the greatest common divisor of 72 and 576457824?
24
Calculate the greatest common factor of 22 and 1279840309.
11
Calculate the highest common divisor of 39019277 and 11.
11
What is the highest common factor of 29947 and 17?
1
Calculate the highest common factor of 25839 and 338526.
27
What is the greatest common factor of 8990322 and 4686?
66
Calculate the greatest common factor of 256424 and 1432504.
1928
What is the greatest common factor of 28240 and 1965760?
80
What is the highest common factor of 45 and 31134465?
45
What is the highest common divisor of 9730 and 3610?
10
What is the greatest common divisor of 37315 and 8935?
5
Calculate the highest common divisor of 38654349 and 246.
123
What is the highest common divisor of 520 and 348519990?
130
What is the highest common factor of 2415 and 34017?
69
What is the greatest common divisor of 51 and 2492285?
17
Calculate the highest common factor of 2292740 and 1015.
145
What is the greatest common divisor of 1440080 and 3995?
235
Calculate the greatest common divisor of 2635 and 6292295.
85
What is the highest common divisor of 1862 and 3208606?
38
Calculate the greatest common factor of 90 and 283448230.
10
Calculate the greatest common divisor of 5343 and 364926900.
5343
What is the highest common factor of 297051370 and 280?
70
Calculate the greatest common divisor of 28016 and 150256.
16
What is the greatest common divisor of 89 and 97854521?
89
What is the highest common factor of 63603 and 1297845?
1719
What is the greatest common factor of 29509 and 98757642?
1283
What is the highest common factor of 86073949 and 1559?
1559
What is the greatest common factor of 9612 and 396684?
108
What is the highest common factor of 701208 and 1296?
72
What is the highest common factor of 2988 and 225972?
36
Calculate the greatest common factor of 306 and 4973514.
6
What is the highest common factor of 86 and 124450514?
86
What is the greatest common divisor of 15184400 and 19250?
3850
What is the greatest common factor of 97584744 and 192?
24
Calculate the highest common factor of 3211121 and 39878.
157
What is the greatest common divisor of 208 and 276807752?
104
Calculate the greatest common factor of 62 and 354847266.
62
What is the highest common divisor of 232947754 and 208?
26
Calculate the greatest common divisor of 5986 and 9266.
82
Calculate the highest common divisor of 1092 and 109660278.
546
Calculate the greatest common factor of 8985340 and 171080.
1820
What is the greatest common factor of 38355528 and 912?
456
What is the highest common divisor of 14 and 5779291?
7
What is the highest common divisor of 88 and 124013164?
44
Calculate the greatest common factor of 104682228 and 49.
49
Calculate the greatest common divisor of 1045418 and 22021.
1159
What is the highest common divisor of 29321 and 2479642?
269
Calculate the highest common divisor of 1434144663 and 21.
21
What is the highest common divisor of 3492294 and 780?
78
What is the highest common divisor of 45511 and 45182167?
641
What is the greatest common divisor of 223 and 102835335?
223
Calculate the highest common divisor of 28 and 5904316.
4
Calculate the highest common divisor of 10594744 and 232.
232
What is the highest common divisor of 1474168 and 1688?
8
Calculate the greatest common divisor of 11454 and 90102891.
5727
What is the greatest common divisor of 84187 and 3973?
29
What is the greatest common divisor of 6589 and 5555?
11
Calculate the greatest common divisor of 770 and 2016322.
154
What is the greatest common divisor of 262 and 240076757?
131
What is the greatest common divisor of 2296 and 94012?
4
Calculate the greatest common factor of 1627 and 54563072.
1627
What is the greatest common divisor of 2017467 and 171?
9
What is the highest common factor of 1160776058 and 26?
26
What is the greatest common factor of 1387 and 5138797?
19
What is the highest common factor of 16 and 2202308080?
16
Calculate the greatest common factor of 1580 and 197590850.
790
What is the greatest common divisor of 52233 and 46437?
69
Calculate the highest common factor of 1648 and 20806.
206
Calculate the greatest common factor of 6918529 and 716.
179
Calculate the greatest common factor of 1402888 and 256.
8
What is the highest common factor of 6746880 and 14?
14
Calculate the greatest common factor of 39744135 and 405.
135
Calculate the greatest common divisor of 84 and 2611196.
28
What is the highest common divisor of 1371847 and 1391?
107
What is the highest common factor of 1392 and 750178032?
1392
Calculate the greatest common factor of 61164720 and 2430.
810
What is the highest common factor of 138 and 435592?
2
Calculate the greatest common divisor of 1234684 and 2156.
44
What is the greatest common divisor of 73899 and 17380272?
483
Calculate the greatest common divisor of 172 and 16159357.
43
What is the greatest common divisor of 31 and 991403219?
31
What is 